ase 7, what is -6440100 - 3?
-6440103
In base 3, what is 20220 - -222122000100?
222122021020
In base 2, what is 11 - -1011110011011100110100?
1011110011011100110111
In base 11, what is 77 - -164971?
164a38
In base 11, what is -761 - -183139?
182488
In base 5, what is 1430103 - -4131?
1434234
In base 15, what is 212 + -3630?
-341d
In base 6, what is 155420123 + -122?
155420001
In base 13, what is -5 - -153051?
153049
In base 14, what is 5 + -31a21c?
-31a217
In base 7, what is 5 + -40221201?
-40221163
In base 6, what is 4 + -1420510154?
-1420510150
In base 16, what is 2007fe - 205?
2005f9
In base 12, what is 1 - -445660a?
445660b
In base 12, what is -27b131 + 38?
-27b0b5
In base 14, what is 3 - -c6c99cd?
c6c99d2
In base 3, what is -11221122202111 + -1120?
-11221122211001
In base 12, what is -11248543 + -4?
-11248547
In base 9, what is 56 - 5002?
-4835
In base 6, what is 531031 + 452?
531523
In base 12, what is 4 + -79636b?
-796367
In base 8, what is 20223567 + -224?
20223343
In base 10, what is 938 - 625?
313
In base 16, what is -8a0 - a033?
-a8d3
In base 3, what is 212012021011102222 + -11?
212012021011102211
In base 13, what is 2 + 927b18?
927b1a
In base 13, what is -6a2733 + -79?
-6a27ac
In base 9, what is -137 - 21054?
-21202
In base 4, what is -20 + -2332100202?
-2332100222
In base 7, what is -3244124 - 643?
-3245100
In base 11, what is 6351824 - -1?
6351825
In base 8, what is 36 - 7226413?
-7226355
In base 3, what is 10220110102021 - -102?
10220110102200
In base 6, what is -14033433044 + 0?
-14033433044
In base 10, what is 56751 - 11?
56740
In base 4, what is 2102233023223 - 0?
2102233023223
In base 10, what is -6497656 + -6?
-6497662
In base 10, what is 205058 - -478?
205536
In base 5, what is -33 - -111002321?
111002233
In base 2, what is 1000100100011 - -10100001010?
1011000101101
In base 15, what is 490d + 20e7?
6a05
In base 5, what is 10042 - -10241211?
10301303
In base 7, what is -232353 + -254?
-232640
In base 5, what is 13300122101 + -3?
13300122043
In base 11, what is 592 + 2016a3?
202185
In base 9, what is -2 - 10336503?
-10336505
In base 10, what is 2019 - 6963?
-4944
In base 6, what is 11523303 + -10011?
11513252
In base 15, what is 635027 - 5?
635022
In base 14, what is -7186661c + 2?
-7186661a
In base 7, what is 1336356 + -106?
1336250
In base 11, what is 21a428 - -38?
21a465
In base 4, what is -10100 + 10131230210?
10131220110
In base 3, what is 11120 - 11022220201?
-11022202011
In base 11, what is 2928086 - 25?
2928061
In base 10, what is 257552 - -517?
258069
In base 3, what is 201210 + 112200110?
120102020
In base 16, what is -3 + -2f29b16?
-2f29b19
In base 3, what is -22020101110220 + -122?
-22020101111112
In base 13, what is 0 + -4c048b9?
-4c048b9
In base 9, what is -2722032765 - -5?
-2722032760
In base 16, what is -6ce - 1b9a?
-2268
In base 10, what is 68 + 203908?
203976
In base 12, what is a3 - 1a39194?
-1a390b1
In base 6, what is 41255 + -25551?
11304
In base 3, what is 101102121010010 - 11?
101102121002222
In base 4, what is 13033320210 + -101?
13033320103
In base 2, what is -1100111010110011011000 - 11?
-1100111010110011011011
In base 16, what is -8a3 - -35?
-86e
In base 5, what is -1032 - -110312243?
110311211
In base 7, what is -423336134 - -5?
-423336126
In base 13, what is -1218 + -806?
-1a21
In base 11, what is -88022a - -5?
-880225
In base 8, what is 2256252 + -11?
2256241
In base 3, what is 0 + -22201212102222201?
-22201212102222201
In base 15, what is 1 - -3285e22?
3285e23
In base 10, what is -36 + 8836372?
8836336
In base 5, what is 41343224 - -300?
41344024
In base 16, what is cac4c5 - 2?
cac4c3
In base 15, what is -3 - 137558?
-13755b
In base 12, what is 12143936 + 1?
12143937
In base 2, what is -1001101100010000 + 110110001?
-1001100101011111
In base 12, what is 2b8 + -101507?
-10120b
In base 7, what is -20334 - -23355?
3021
In base 15, what is 11e0 + -1935?
-745
In base 15, what is 9b24 - d67?
8cac
In base 5, what is 3 + 4223133030?
4223133033
In base 12, what is 7 + 957906?
957911
In base 16, what is -3e3d4dc - 2?
-3e3d4de
In base 9, what is -1 + -62286667?
-62286668
In base 2, what is -100101100001010001110111001 + -10?
-100101100001010001110111011
In base 16, what is -457 + 2f24?
2acd
In base 12, what is 62b5 - 535?
5980
In base 6, what is 5253433 + -351?
5253042
In base 6, what is 13552 + 1321431?
1335423
In base 7, what is 135150 - -22?
135202
In base 13, what is 189 - 5353?
-5197
In base 16, what is 2932a0c8 - -4?
2932a0cc
In base 6, what is 3 - 135235211?
-135235204
In base 7, what is 54 - 16032505?
-16032421
In base 3, what is 1221220102111 + 11?
1221220102122
In base 16, what is -3708e80f - 4?
-3708e813
In base 7, what is 532 - 33001?
-32136
In base 3, what is -1102 + 220102210102?
220102202000
In base 13, what is -116a5a - -1a1?
-116889
In base 14, what is -1cd32a + 0?
-1cd32a
In base 14, what is 577 - 625d8?
-62061
In base 5, what is 104014032431 + 4?
104014032440
In base 10, what is -1997715 - 4?
-1997719
In base 12, what is -5 + 1a92853?
1a9284a
In base 15, what is 2a10883 - 5?
2a1087d
In base 4, what is -111 + -11121013333?
-11121020110
In base 6, what is -105 + 424214535?
424214430
In base 9, what is 18 + -1146580?
-1146561
In base 2, what is 101001011110110101001011101 + 101?
101001011110110101001100010
In base 14, what is -c + 1a7a6d8?
1a7a6ca
In base 3, what is 1011200011201 - 1000?
1011200010201
In base 3, what is -111 + 12210200212?
12210200101
In base 5, what is -24 + 4000043?
4000014
In base 2, what is 0 - 10101000111101110011110?
-10101000111101110011110
In base 13, what is 9ca40c + -95?
9ca347
In base 9, what is -15057332 + -3?
-15057335
In base 8, what is -225514427 + 14?
-225514413
In base 13, what is 0 - 37348b36?
-37348b36
In base 14, what is 2a7 - -169?
432
In base 12, what is -210213 - 0?
-210213
In base 12, what is -509 + -1bb82?
-2048b
In base 10, what is -254000339 - 3?
-254000342
In base 15, what is -4dd + 6b72?
6684
In base 8, what is 42 - 2451671?
-2451627
In base 7, what is -1 + -1551005616?
-1551005620
In base 9, what is 2 - 7033225?
-7033223
In base 2, what is -1010 - -110010111011111110101?
110010111011111101011
In base 16, what is 2 + -70317e?
-70317c
In base 14, what is -246 + 26862?
2661a
In base 13, what is -104 - 11967?
-11a6b
In base 7, what is -3133262 + -5062?
-3141354
In base 2, what is 111 - 101110011000101100110?
-101110011000101011111
In base 9, what is 1 + -5461272?
-5461271
In base 16, what is -192 - 346?
-4d8
In base 15, what is -279a - -5a?
-2740
In base 4, what is 101003 - 113001?
-11332
In base 8, what is -143 + -1506761?
-1507124
In base 14, what is 3 + -196850?
-19684b
In base 15, what is 11 - 13551e?
-13550d
In base 10, what is -377 - 24487?
-24864
In base 3, what is -12101010 - 200002121211?
-200021222221
In base 15, what is -c0a8 - 26a?
-c323
In base 10, what is 1 - -1784140?
1784141
In base 14, what is -109 - -351?
246
In base 9, what is -6 + 7573535?
7573528
In base 8, what is 1020 + 16210?
17230
In base 15, what is 9ab611 + -2c?
9ab5d4
In base 11, what is 3376 - 142497?
-13a121
In base 14, what is 34 + 73432?
73466
In base 11, what is 7170555 + 7?
7170561
In base 7, what is 402163 - 1000?
401163
In base 11, what is -4 - -2506996?
2506992
In base 9, what is -2413783 - 1?
-2413784
In base 3, what is -1021020100211 - 10?
-1021020100221
In base 4, what is 110133010001 + 20?
110133010021
In base 10, what is 98170 - -32?
98202
In base 12, what is 59823985 + -1?
59823984
In base 13, what is 181 - -23446?
235c7
In base 2, what is -1010 + -1010111100000011000?
-1010111100000100010
In base 15, what is 4 + 329e5?
329e9
In base 11, what is -5113a3a - -5?
-5113a35
In base 3, what is 100 + -110211202002222102?
-110211202002222002
In base 3, what is -111 + -1001012122012220?
-1001012122020101
In base 4, what is 2101100023213 - -2?
2101100023221
In base 8, what is -5 + -10707263?
-10707270
In base 14, what is 1013d1 + -7?
1013c8
In base 13, what is -1 + -1425051?
-1425052
In base 13, what is -4 - -3359758?
3359754
In base 15, what is -5 - -2e63d49?
2e63d44
In base 16, what is -18 - 4614a?
-46162
In base 8, what is 1375422 - -673?
1376315
In base 16, what is 652ec + -468?
64e84
In base 7, what is 112 - 120663013?
-120662601
In base 2, what is 10101